digit of t?
0
Suppose 0 = 4*x - 2*x - 180. Let n be -6*(-9)/12 - (-2)/(-4). Suppose -a + n*a = x. What is the units digit of a?
0
Suppose 0*n + 85 = 5*n + 5*c, -5*c + 61 = 3*n. Suppose -4*h = n, 4*a + 484 = h - 521. What is the tens digit of (a/54)/(2/(-12))?
2
Suppose 0 = 5*y - 2954 - 5046. What is the units digit of y?
0
Let s(l) = -2*l + 8. Let c be s(7). Let t = 9 + c. What is the tens digit of 57/9*(t + 3)?
3
Let d = 698 + -399. What is the units digit of d?
9
Suppose -s = -5*p + 1119, p = s + 170 + 53. What is the units digit of p?
4
Suppose t + 5*l - 2 - 1 = 0, 3*l = -5*t + 81. Suppose 3*w = -0*w + t. What is the tens digit of (-152)/w*9/(-6)?
3
Suppose 0 = 4*x - p - 590, 4*x - 288 = 2*x + 4*p. What is the hundreds digit of x?
1
Suppose -r + 5 + 0 = 0. Suppose -s - 134 = r*z, z = -4*z - 4*s - 131. Let t = 18 - z. What is the tens digit of t?
4
Let h(r) = -4*r**2 - 6*r + 2. Let s(f) = f - f**2 - 3 + 3 + 1. Let l(z) = -h(z) - s(z). What is the tens digit of l(3)?
5
Suppose -4 = -0*i - i. Let j(w) = i*w + 14*w - 2 - 1 + 5. What is the units digit of j(1)?
0
What is the hundreds digit of 865 - 1/((-9)/81)?
8
Suppose -3*l + 3*a + 59 = -205, a = 2. Suppose 0 = -3*m - 28 - 17. Let t = l + m. What is the tens digit of t?
7
Suppose -4*v + 3 = 4*l - 17, 2*l + 11 = 5*v. Suppose -l*a - 5 = 7. Let b(o) = o**3 + 7*o**2 + 3*o + 5. What is the tens digit of b(a)?
2
Let p(b) = -15*b - 54. What is the tens digit of p(-12)?
2
Suppose -16006 = -4*d - 2*t, 0 = 38*d - 39*d - 2*t + 3994. What is the hundreds digit of d?
0
Let p = 47 - 9. Suppose 5*z - p - 177 = -5*x, -z - 4 = 0. Let g = 80 - x. What is the tens digit of g?
3
Let d(k) = -k**3 - 7*k**2 + 9*k + 10. Let x be d(-8). Suppose 0*m - 6 = -x*m. Suppose -m*t + 23 = w, w + 3*t - 49 = -w. What is the units digit of w?
6
What is the tens digit of 504144/702 - (15/13 + -1)?
1
Suppose 0 = j - 69 - 147. What is the tens digit of (-2 - -6 - j)*-1?
1
Let s(k) = 93*k + 56. What is the tens digit of s(4)?
2
Suppose -205*z - 1544 = -213*z. What is the tens digit of z?
9
Suppose -19*m - 516 = -23*m. Let z = m + -84. What is the tens digit of z?
4
Let h = 1286 + -1918. What is the units digit of h/(-9) - (-4 + 38/9)?
0
Let s(h) = h**2 - 7*h - 13. Let f be s(9). Suppose -157 = -3*j + j + f*c, -203 = -3*j + c. What is the tens digit of j?
6
Let l = 39 + -37. Suppose -l*z = -n + 3*n - 16, 4*z = -n + 29. What is the units digit of z?
7
Let i = -107 - -108. What is the hundreds digit of (-1 - 1)/(-4)*(209 - i)?
1
Let h(r) = 345*r - 251. What is the units digit of h(5)?
4
Let n(d) = -14*d**2 - 4 + 0*d**3 + 6 + d**3. Suppose 0 = 7*p + 35 - 133. What is the units digit of n(p)?
2
Let m(j) = j**2 + j. Let f(p) = 6*p**3 + 2*p**2 + p. Let r(w) = -f(w) + 3*m(w). Let c be r(2). Let n = -28 - c. What is the units digit of n?
2
Let y = 205 - -33. Suppose -y = -17*z - 0. What is the tens digit of z?
1
Suppose -12 = -4*k + k. Suppose k*y - 4*h = -8, -3*h = 2*y + 2*h + 32. What is the tens digit of 6/(-18) - 68/y?
1
Suppose -93*h = -83*h - 2740. What is the units digit of h?
4
Let b(s) be the first derivative of -s**3/3 + s**2/2 + 21*s + 1. Let j be (0*3/(-3))/1. What is the tens digit of b(j)?
2
Suppose -7*b + 10*b + 7653 = 4*y, -4*y + b + 7663 = 0. What is the thousands digit of y?
1
Let h(l) = l**3 + 2*l**2 - 3*l - 3. Let s be h(-2). Suppose 0 = 4*p + 5*d + 347, -4*p - d = -3*p + 88. What is the units digit of (p/(-9))/(s/9)?
1
What is the tens digit of (-14272)/(-88) - -3*10/(-165)?
6
Suppose -3*m - 10 = -1. What is the tens digit of m*1*(-735)/63?
3
Suppose -2*r = -7*r + 15. Suppose r*v + 21 = -2*n, -4*v = 4*n + 44 - 4. What is the units digit of (n - -19)/(4/10)?
5
Let s = 11 - 8. Suppose -5*f = -28 + s. Suppose 2*p = -2*v + 7 + 25, -f*p + 4*v = -125. What is the units digit of p?
1
Let m be (-2)/(-11) - 167/11. What is the hundreds digit of (-1)/(-5) + m/((-150)/1648)?
1
Let a(m) = -6*m**2 + 9 - 286*m + 39*m**2 + 291*m. What is the tens digit of a(-2)?
3
Let v(u) = u. Let y be v(-17). Let c = y + 43. What is the units digit of c?
6
Suppose 4*b - 5 - 23 = 0. Let t be 10/(-20)*0/2. Suppose t = -b*f + 3*f + 3*s + 130, -4*s = 8. What is the tens digit of f?
3
Suppose -f - 2*d = -405, -6*f + 1635 = -2*f + 5*d. What is the units digit of f?
5
Let w(k) = 7*k. Let x be w(-1). Let o(m) = -310*m - 36. Let i be o(-4). What is the units digit of (-3)/x + i/49?
5
Suppose 0 = -j + 394 + 516. What is the tens digit of j?
1
Let f(w) = w**2 + 2*w - 5. Let g be f(-5). Let c = g - 5. Suppose -2*q + 5*p + 35 = 0, c*q - p = -23 + 76. What is the tens digit of q?
1
Suppose 107*t - 46913 - 21460 = 0. What is the tens digit of t?
3
Suppose r = -0*z - 3*z + 55, 1 = z. Let v = 96 - r. Let u = v + 5. What is the tens digit of u?
4
Suppose 8*v + 40 = 6*v. Let j be ((-16)/v)/(2/10). Suppose -c - 5 = -g, 17 = 3*g - j*c + 2*c. What is the units digit of g?
7
Let j be -3 - (-4 + 0) - -49. Let x = j + -35. What is the units digit of x?
5
What is the hundreds digit of (-52670)/(-55) - 4/(-11)?
9
Let u(n) = 2*n**3 + 72*n**2 + 50*n + 6. What is the thousands digit of u(-34)?
2
Let h(l) = l + 11. Let c be h(-8). Suppose -2*d - m = c*m - 42, 0 = 5*d - 3*m - 66. What is the units digit of (-446)/(-10) + 6/d?
5
Let u be 1 + 3 - (0 - 0). Let c be (6/7)/((-60)/(-1400)). What is the units digit of 157/u + 15/c?
0
Let n = -3 - -9. Let j = -1 - -1. Suppose -n = -j*t - t. What is the units digit of t?
6
Let u(n) = 428*n - 76. What is the thousands digit of u(3)?
1
Let i(j) = 10*j**2 - 3*j + 2. Let q be i(-5). Suppose 3*o - 2*p - q = 0, 189 = 2*o - 4*p - p. What is the tens digit of o?
8
What is the hundreds digit of (-2)/(-8) + (-388461)/(-124)?
1
Let l(m) = 12*m**2 + 7*m - 2. What is the tens digit of l(-8)?
1
Let p = -10 - -18. Suppose 2*h + 0*j - 75 = -5*j, -4*h + 5*j + 75 = 0. Let l = h - p. What is the tens digit of l?
1
Suppose 2*o = -5*f + 2862, 5*o - 3843 = -2*f + 3291. What is the thousands digit of o?
1
Let d = 77 - 24. What is the units digit of d + 1 + -4 - -2?
2
Suppose r - 1819 = 4*o, 64 = -o + 59. What is the thousands digit of r?
1
Suppose 0 = 5*c + 5*c - 9690. What is the hundreds digit of c?
9
Let a = 1914 - 918. What is the tens digit of a?
9
Let t(k) = -k**2 + 14*k + 3. Suppose 7*b - 24 = 4*b. What is the units digit of t(b)?
1
Let o = -64 + 349. What is the units digit of o?
5
Let c(u) = 5*u**2 + u - 4. What is the units digit of c(10)?
6
What is the hundreds digit of 9948/14 - 12/(-28)?
7
Let p be (-280)/(-5) + 6/(-2). Suppose 0 = 53*r - 54*r + p. What is the tens digit of r?
5
Let z(c) = -c**2 - 12*c - 11. Let w be z(-9). Let o be (2/4)/((-8)/w). What is the tens digit of (-44)/o*(8 + -7)?
4
Suppose -133*j = -141*j + 2152. What is the units digit of j?
9
Let r(w) = w**2 - 12*w - 3. Let y be r(12). Let k(d) = 20*d**2 + d - 8. What is the hundreds digit of k(y)?
1
What is the tens digit of 1/(-12) - (-1767601)/444?
8
Suppose -4*v - 5*x + 830 = 0, 5*v + 0*x - 1042 = -4*x. Suppose -2*k + 0*k = -v. What is the tens digit of k?
0
Suppose 1927 = -6*t + 8293. What is the hundreds digit of t?
0
Let g = -26 - -18. Let p = g + 106. What is the units digit of p?
8
Let r be 2 - -1*(-4 - -7). Suppose 0 = -r*w + 7*w - 424. What is the units digit of w?
2
Let d = -29 + 95. Let a = d - 58. What is the units digit of a?
8
Let r = 247 - -1776. What is the thousands digit of r?
2
Let r be -4 + (-1 - -3) - -3. What is the tens digit of 6/3 - (-56)/r?
5
Suppose 0 = -2*m + 103 - 37. Suppose -5*y = -97 - m. Suppose 0 = -2*d - 8 + y. What is the units digit of d?
9
Suppose -4*q + 10 = -2, 2*d + 5*q - 59 = 0. Let o be 84/d + (-4)/(-22). Suppose -60 = -o*w + w. What is the units digit of w?
0
Let g = 23 - 20. Suppose 5*d + i - 410 = 0, -2*d + 430 = g*d + 5*i. What is the tens digit of d?
8
Suppose 3*y + 2*v = 4*y + 26, -5*v - 67 = 3*y. What is the tens digit of y/56 + (-216)/(-14)?
1
Let l = 11 - 8. Suppose -2 = -n + 24. Suppose -2*i - 3*i + 33 = 4*w, l*w = -4*i + n. What is the units digit of w?
2
Suppose 0 = -6*i + i + 15. Let m = -1 + i. Suppose m*x - 7 = -2*y + 67, -2*x - y = -69. What is the units digit of x?
2
Suppose -12*f + 7*f = -390. Suppose 20*b - f = 18*b. What is the units digit of b?
9
Let j(x) = 0 - 2 + 14*x + 12*x - 7*x. Let t be j(-1). Let b = 28 + t. Wh